132102?
21023132102
In base 6, what is -223 - 202333255?
-202333522
In base 3, what is 1202002102101 + 220100?
1202010022201
In base 12, what is -4 + 4644a8?
4644a4
In base 2, what is -101000110 - 10101010000001101100?
-10101010000110110010
In base 7, what is 202 - -435144?
435346
In base 6, what is 3 - 344144314?
-344144311
In base 3, what is 0 - 122002210220011022?
-122002210220011022
In base 12, what is -12b5 - 4089?
-5382
In base 6, what is -40544 - -33415?
-3125
In base 15, what is -1325899 + -4?
-132589d
In base 5, what is 0 - -3441334211?
3441334211
In base 6, what is -4 - 211042303?
-211042311
In base 4, what is -303 - -133321233?
133320330
In base 16, what is -95847 - 5b?
-958a2
In base 6, what is -1142 - -112?
-1030
In base 6, what is -5 + 522100554?
522100545
In base 12, what is 637 - -27139?
27774
In base 10, what is 128 + -1216582?
-1216454
In base 15, what is -2d + -487110?
-48713d
In base 6, what is 2 - -505400222?
505400224
In base 6, what is -333445 - 20423?
-354312
In base 13, what is 316 - 2878a?
-28474
In base 12, what is 2 + -44608a?
-446088
In base 16, what is -1b39a + -9ea?
-1bd84
In base 7, what is -6624 - -245?
-6346
In base 5, what is 1 - -3114301243?
3114301244
In base 13, what is -b1bc7 + 1c1?
-b1a06
In base 4, what is -3 + 20200130231?
20200130222
In base 8, what is 263 - 6315010?
-6314525
In base 6, what is 150443311 - 12?
150443255
In base 8, what is -1 - 51424135?
-51424136
In base 3, what is -112000021211 + -20?
-112000022001
In base 3, what is 20210000212110100 + -12?
20210000212110011
In base 2, what is 1111001010111100001111110100 - 1?
1111001010111100001111110011
In base 11, what is -3435412 + -176?
-3435588
In base 15, what is 4c6e42 + -a?
4c6e37
In base 13, what is -2319 + 12b4?
-1035
In base 14, what is 93580 - -1a6?
93746
In base 16, what is -3 + -84f64fa?
-84f64fd
In base 8, what is 326252737 - 4?
326252733
In base 9, what is 386088 + 767?
386866
In base 3, what is 12001001220 - -22111?
12001101101
In base 13, what is 27578 + -149?
2742c
In base 12, what is -30b5 - 1a323?
-21418
In base 8, what is 22364 - -472?
23056
In base 4, what is 1023101021 + -2?
1023101013
In base 7, what is -5053 + 15260?
10204
In base 12, what is 281591b - 0?
281591b
In base 13, what is -70 - -109b6?
10946
In base 11, what is 56 + 188a37?
188a92
In base 2, what is -101110101000000010000000010 + 101?
-101110101000000001111111101
In base 9, what is 6 - -6555477?
6555484
In base 2, what is 1101101110110 + -10100010011?
1011001100011
In base 5, what is 3 + 404301334?
404301342
In base 6, what is -104003 + 141?
-103422
In base 8, what is 27223 - -57?
27302
In base 2, what is 101000101 + 11010110010001100000?
11010110010110100101
In base 8, what is -74163 + -144?
-74327
In base 8, what is 470242 + -27?
470213
In base 15, what is 2d9 - -58bc8?
58eb2
In base 3, what is -2000001 - -21001?
-1202000
In base 8, what is 2236645 + -2476?
2234147
In base 7, what is -425615031 - 4?
-425615035
In base 8, what is -1232 - 470054?
-471306
In base 3, what is 20 - -220202102112?
220202102202
In base 9, what is -42737 + -102?
-42840
In base 11, what is -6a23a + 52?
-6a198
In base 15, what is -52 + 385891?
38583e
In base 8, what is -17 - 3103407?
-3103426
In base 9, what is -3 + -30385427?
-30385431
In base 15, what is 15107 - 1d?
150d9
In base 12, what is -13 - -b63a12?
b639bb
In base 15, what is -ed7 + -88593?
-8957a
In base 14, what is -23 + -3528164?
-3528187
In base 14, what is -22 - -103177?
103155
In base 3, what is 21212001020101 - 2?
21212001020022
In base 13, what is -7c4 - -26bc8?
26404
In base 8, what is 5 + 1375772?
1375777
In base 11, what is 98 + 199272?
19935a
In base 5, what is 12430303 - -412?
12431220
In base 4, what is 21101330 - -132010?
21300000
In base 15, what is 361b1 - 9?
361a7
In base 15, what is ab - a6429?
-a636d
In base 4, what is -1223330213 + 1030?
-1223323123
In base 6, what is 5 - 45231424425?
-45231424420
In base 12, what is -2b5 - -a479?
a184
In base 6, what is 500 - -2223514?
2224414
In base 5, what is -120 - 24411234220?
-24411234340
In base 7, what is 2 + 33366055?
33366060
In base 4, what is -3 - -3233001232111?
3233001232102
In base 5, what is 40421 - 42332?
-1411
In base 14, what is -77b188 - -2?
-77b186
In base 14, what is -25 - -24b13?
24acc
In base 16, what is -8e + 4ff4f?
4fec1
In base 13, what is -88ac4 + -41?
-88b35
In base 7, what is -512503 - 2561?
-515364
In base 15, what is 2 + 667b08?
667b0a
In base 11, what is 7a + -155653?
-155584
In base 5, what is -3 - 101033241?
-101033244
In base 5, what is 21 - -310001440?
310002011
In base 13, what is 7ac3b + -a1?
7ab6a
In base 9, what is 4 - -10360543?
10360547
In base 13, what is -6 - -257c17c?
257c176
In base 7, what is -2236433 - -2111?
-2234322
In base 6, what is -3301102 + -1014?
-3302120
In base 4, what is -121110203210 + 1?
-121110203203
In base 5, what is 3121312102 + 3?
3121312110
In base 14, what is -5 - -973d5?
973d0
In base 6, what is -243034011 - -5?
-243034002
In base 8, what is 4 - -50042640?
50042644
In base 5, what is -4432241 - -1321?
-4430420
In base 10, what is -11262904 - 3?
-11262907
In base 8, what is 275727 - 16347?
257360
In base 4, what is 11132203012 + -230?
11132202122
In base 11, what is -13729 + 81a?
-12a0a
In base 4, what is 10 + 301313011333?
301313012003
In base 3, what is -100021101111221 + 12?
-100021101111202
In base 8, what is -140751 - -1044?
-137705
In base 15, what is -53 - 9d5d0?
-9d633
In base 11, what is 2 - 3226677a?
-32266778
In base 10, what is -4 + -5036051?
-5036055
In base 8, what is 344 + 20707?
21253
In base 4, what is 0 - -32111113002?
32111113002
In base 5, what is -4 - -32411111001?
32411110442
In base 16, what is 4 + -62fc0d4?
-62fc0d0
In base 4, what is 1330 - -30011320?
30013310
In base 13, what is 702701 + -17?
7026b7
In base 10, what is -2 - -5112749?
5112747
In base 12, what is 319ab7 - -21?
319b18
In base 5, what is 1042221 + -420303?
121413
In base 6, what is 511241 - 501?
510340
In base 11, what is -2773 + -11357?
-1401a
In base 2, what is 1011101 - -1100101001010101001000?
1100101001010110100101
In base 4, what is -31 + 10303212231?
10303212200
In base 5, what is -120 - 24013014?
-24013134
In base 3, what is -12 + 1021121200122210?
1021121200122121
In base 3, what is -12 - -1212112022121?
1212112022102
In base 13, what is -2722937 + -19?
-2722953
In base 7, what is -2 - -44004162?
44004160
In base 2, what is 11101100 + -10100110010100001001?
-10100110010000011101
In base 15, what is -80 + 4c10?
4b80
In base 4, what is 31221113033 - -120?
31221113213
In base 8, what is -411033 - 1?
-411034
In base 8, what is -115 + -247746?
-250063
In base 5, what is 13 + 3102043420?
3102043433
In base 8, what is -5205040 + 7?
-5205031
In base 6, what is 13312240 - -1142?
13313422
In base 9, what is -106 - 1382430?
-1382536
In base 11, what is 5 + 655689?
655693
In base 9, what is -340 - -104212?
103762
In base 14, what is 10 - -432c9?
432d9
In base 14, what is 619ab3b + -2?
619ab39
In base 5, what is -30023340 + 244?
-30023041
In base 12, what is -931978 - -5?
-931973
In base 5, what is 134140 - 231224?
-42034
In base 13, what is 7839c0 + -2?
7839bb
In base 7, what is -14205460 - 44?
-14205534
In base 16, what is 22079 - ad?
21fcc
In base 8, what is -1667204 - -363?
-1666621
In base 2, what is 1000000101010010 + 1101000?
1000000110111010
In base 4, what is -233 + -333330100?
-333330333
In base 14, what is 70d7a0 - -5?
70d7a5
In base 7, what is -11010 + 600501?
556461
In base 9, what is -63585 + -3844?
-67540
In base 3, what is 112 + 1011101220020?
1011101220202
In base 2, what is -10010110 - -1111011001100101?
1111010111001111
In base 5, what is -10342010434 + -104?
-10342011043
In base 10, what is 207749 - 465?
207284
In base 15, what is -1634631 + -1?
-1634632
In base 10, what is 1565 + 146660?
148225
In base 4, what is -3321 - -33122?
23201
In base 4, what is -20 - -2232022122300?
2232022122220
In base 7, what is 1413041310 - 3?
1413041304
In base 9, what is -1 + 4070001?
4070000
In base 2, what is -1 + -11101001000110011110111?
-11101001000110011111000
In base 10, what is 1472 - 56387?
-54915
In base 6, what is 1004411341 - 23?
1004411314
In base 3, what is -1 - -202101002000211?
202101002000210
In ba